. Is o prime?
False
Suppose 3*x + 9*o - 4*o = 64, -20 = 5*o. Suppose 9*d - x*d + 76931 = 0. Is d composite?
False
Suppose -4*r + 3*r + 3*a + 43613 = 0, 0 = -4*r - 2*a + 174424. Is r a composite number?
False
Let m be -8*121 - (-2 + (4 - 1)). Suppose 3250 = 2*g + 2*p, g = -2*p + 6*p + 1610. Let c = g + m. Is c composite?
False
Suppose -218*a + 3*t + 46565 = -213*a, 4*t = 3*a - 27939. Is a composite?
True
Let l = -64400 - -20903. Is 2/17 + 2/((-102)/l) prime?
True
Suppose 5*d = 10*d - 117035. Is d a composite number?
True
Suppose -s + 2*s + 118 = 4*i, -3*i - s = -92. Suppose -i*j = -7*j - 26611. Is j a prime number?
False
Suppose -6*i - 58 = -100. Is 4902 + (-7 - -7) + i a prime number?
True
Let a be (-2)/3*((-303768)/12 - -9). Let x = 34439 - a. Is x a composite number?
False
Let f(n) = 4*n - 5. Let i be f(2). Suppose -4*b - 7*w + 13509 = -4*w, i*b = -2*w + 10132. Suppose 0 = -6*t - 0*t + b. Is t prime?
True
Suppose 0 = g + 5*t - 1 + 16, 5*g + 2*t = 17. Suppose -g*n - 7132 = -7*n. Suppose 2*u + 48 = n. Is u a composite number?
False
Suppose -2*r - l = 2 + 18, 0 = r + l + 8. Is (-5)/(15/r) + 1357 composite?
False
Is (-26)/(((-364)/(-31514))/(-13)) prime?
False
Let n = -80530 - -202613. Is n composite?
True
Let b be (10/10)/(5*4/657960). Suppose -11*o + 65800 = -7*o - 3*l, -2*o + l = -b. Is o prime?
True
Let v = -1746285 - -3349522. Is v composite?
False
Is (-5 + (8 - 6))*((-9472170)/9)/2 a prime number?
False
Let y(f) = -155*f + 171. Let s(j) = j**3 - j**2 - 14*j - 26. Let z be s(-3). Is y(z) prime?
True
Let k be ((-2)/7 + (-354)/(-14))*1. Let c = k + -20. Is -1*2118/(-10)*1*c a composite number?
True
Suppose 0 = 4*x - 4*c + 4 - 8, -2*x - 18 = 2*c. Let f be x*(-15)/(-3)*10/(-8). Is 1/(-5) - (-990)/f*2 prime?
True
Let d(u) = 11930*u - 1641. Is d(7) a prime number?
True
Let y(t) = 9*t**3 - t**2 + 2*t - 2. Let a be y(1). Is (1065100/400)/(2/(a + 0)) a composite number?
False
Let j(d) = -17*d - 49. Let x be j(-3). Suppose -x*w = -473 + 175. Is w prime?
True
Suppose -4*m + 41 + 19 = 0. Suppose -7*t = -m*t + 48. Is t/4*454 + 0 prime?
False
Let o be 11/(110/(-45))*2*-1. Is (-2127)/o*69*2/(-2) a prime number?
False
Let y(l) = l**3 + 6*l**2 - 3*l - 7. Let h be y(-6). Suppose 0*z - h*z = -44. Suppose 5*p - 2*p = 2*j + 2659, -3550 = -z*p - 2*j. Is p prime?
True
Let t be (-5 + 2 + 3)/1. Suppose 4*r + 4 = t, 12 = -2*z + 3*r + 773. Let c = z + 126. Is c composite?
True
Suppose 805*z = 808*z - 65499. Is z a prime number?
False
Let y = 51910 - 22101. Is y a prime number?
False
Let v = 1031222 + -200643. Is v a composite number?
False
Let z(c) = 65*c**2 + 5*c - 11. Let n = -70 - -56. Is z(n) a prime number?
True
Let k = 70242 - 45883. Is k a composite number?
False
Let n(w) = 6*w**2 + 2*w - 3. Let l be n(1). Suppose l*d - i - 1527 = 300, 4*i = 12. Let t = d - -5. Is t composite?
True
Suppose -3*k + 5*c = -7*k + 23209, 3*k - c - 17402 = 0. Suppose -n + 4732 = -4*y + 27963, k = y + 2*n. Is y composite?
False
Let n be (-303 + 0/1)/((-66)/220). Suppose 2*h - n + 424 = 0. Is h a prime number?
True
Suppose 170 + 22668 = 2*s. Suppose -w + 1351 = i + 5534, 0 = -4*w - 2*i - 16742. Let m = w + s. Is m a composite number?
True
Let b = 41 - 39. Suppose 2*f + b*h + 39 = -23, 4*h + 20 = 0. Is (-16)/(-104) - 2/f*15767 a composite number?
False
Let a(m) = 295*m + 6385. Is a(0) a composite number?
True
Suppose -5661 = -105*n + 102*n. Suppose -p = -n - 1268. Is p prime?
False
Suppose 27 = -0*i + 5*i + 3*l, 4*i - 28 = 4*l. Is 14678/14 + i*10/105 a prime number?
True
Let g(y) = -41972*y**3 - 15*y**2 - 23*y + 5. Is g(-3) a prime number?
True
Let r be (-12)/3 - (1 + -5). Suppose -3*y = -3*c - r*y, 0 = -3*c - 2*y + 20. Is 1326/c - (-8)/(-16) composite?
False
Let s = 29920 + -4853. Is s prime?
False
Let m(p) = 542*p**2 + 46*p - 314. Is m(-37) a composite number?
True
Let i(k) = -1046*k + 9. Let s be ((-12)/18*-3)/(-1). Is i(s) prime?
False
Let c be 1 + (-2)/5 + (-48)/30. Is 910/(-3 - -10) + c*3 a composite number?
False
Suppose 4*q - 33 = -2*p + q, -4*q + 60 = 4*p. Suppose -15*u + p*u + 255 = 0. Let d = u + 2. Is d composite?
True
Let z = 265 - 140. Let q = z + -121. Suppose 0 = -q*h + 1709 + 1295. Is h prime?
True
Let t(i) be the first derivative of -395*i**2/2 - 37*i - 74. Is t(-6) a prime number?
True
Let k(r) be the first derivative of r**4/4 + 23*r**3/3 + 7*r**2/2 - 17*r - 21. Let n be k(-22). Let t = n + -122. Is t prime?
True
Let k = -9 + 16. Suppose 0*p + 4458 = p - 4*l, 2*l = -p + 4446. Suppose -3*c + p = k*c. Is c prime?
False
Suppose -17*p - 22816005 = -16*p - 6*p. Is p composite?
True
Let q = 41 + -36. Suppose q*h - 45 = -0*h. Is (1 - -2) + (45 - h) composite?
True
Let m = 812 - 9291. Is 0 - (8 + -15 + m) composite?
True
Let d(j) = -58*j + 4. Let q be d(1). Is 3/((-81)/(-215808)) - 6/q composite?
False
Let d be ((-14)/(-4))/((-1)/(-2)). Let p(y) = -2*y + 16. Let m be p(d). Is 780/25 + m/(-10) composite?
False
Let i(a) = 2*a + 7. Let s be i(-1). Suppose 4*o = s*o - 5*j - 19, 3*j - 21 = -3*o. Suppose -o*d + 5*d = -5444. Is d prime?
True
Let u = -337 - -328. Is ((-7899)/(-6))/(u/(-18)) composite?
False
Let o(a) = -11554*a + 35. Let m be o(-1). Suppose 0 = -u + 4*u - m. Is u composite?
False
Suppose 40*a + 6987174 = 73*a + 81*a. Is a a composite number?
False
Let f(v) = v**2 + 1. Let o(w) = -w**2 + 24*w - 12. Let z(r) = 3*f(r) + o(r). Let n be z(16). Is n/7 - (-26)/91 prime?
True
Is -31 + 4306 + -5*(-20)/25 a prime number?
False
Suppose 100003 = 2*m + 3*i, -31*m = -38*m - 5*i + 349972. Is m composite?
False
Let o(l) = -12072*l + 2453. Is o(-3) composite?
False
Is 105/(-140) + (-3027441)/(-12) prime?
False
Suppose d - 193 = 83. Let g = 602 - d. Suppose -s + g = -6*u + 3*u, 3*s + 2*u = 945. Is s prime?
True
Suppose 9*h - 4*h - 2680 = -q, -2*h - 4*q = -1054. Let l be 605 + 2 + (-1)/1. Suppose -h - l = -3*x. Is x a prime number?
False
Suppose -173*l + 36 = -167*l. Suppose l*j - 13593 - 153 = 0. Is j a composite number?
True
Let x be (-3702)/(1/(-2)*(0 + 2)). Suppose g - 5*t - 579 = 1302, -2*g - 5*t = -x. Is g prime?
True
Suppose -5*h + 5*a + 25 = 0, 0 = 2*h - 5*h - a + 19. Suppose 5*d - 32203 = 2*z, h*d + 3*z + 12890 = 8*d. Is d a prime number?
False
Let v be (-1 + (-1 - 612))/1. Suppose 19*u = 26*u + 196. Is v*(-4 - u/8) a prime number?
True
Is 145448/(-152)*(-18 + -1) prime?
True
Let d(k) = 9*k - 25. Let q be d(8). Suppose 19 = -5*z - 2*a + 134, 2*z - q = -a. Suppose 8*b - z = b. Is b a prime number?
True
Suppose z = -2*a + 4328, -3*a + 2*z - 3*z = -6490. Suppose 7*q + a = 14013. Is q a prime number?
True
Let m(j) = 77*j + 96. Let a(s) = -76*s - 96. Let f(v) = -2*a(v) - 3*m(v). Is f(-7) a composite number?
False
Let c(g) = 3104*g**3 + 8*g**2 - 11*g - 1. Suppose -9*z - 52*z = -122. Is c(z) a prime number?
True
Let m(k) = -707*k**3 - 5*k**2 + 12*k + 109. Is m(-10) composite?
True
Suppose -3*s = 4*u - 4*s - 232629, -5*u + 4*s = -290778. Suppose h - 12244 - 7144 = -d, 0 = 3*d + h - u. Is d a composite number?
True
Let c = -45624 - -130511. Is c a prime number?
False
Is (-15943719)/(-30) + (-17)/(-10) + -2 composite?
False
Let s(o) = -545*o - 26. Let g = -104 - -101. Let f be s(g). Suppose f = 8*l + 497. Is l a composite number?
False
Is ((-3686240)/(-48))/((-4)/(-6) + 0) a prime number?
False
Let j = 125 - 56. Let d = j + -37. Let z = 57 + d. Is z composite?
False
Let m(u) = 43*u + 200. Let g be m(-5). Let o(i) = i**3 + 6*i - 20*i**2 - 5 - 2 - 2*i**3 - i**3. Is o(g) composite?
False
Let q(f) be the first derivative of f**3/3 - f - 2. Let o be q(-1). Suppose o = 3*x + 5*s - 312, 5*x + 3*s + 158 = 694. Is x prime?
True
Let y(x) = x**2 + 15*x - 10. Let c be y(-16). Let v be 1347/(-6)*(-36)/c. Suppose -30*i + 33*i = v. Is i a composite number?
False
Let b(h) be the second derivative of -3247*h**3/6 + 9*h**2/2 - 67*h. Is b(-2) composite?
True
Suppose 40*q - 4678827 = -1048067. Is q a prime number?
False
Suppose 33*y = 42*y + 493828 - 2911201. Is y prime?
False
Is (-1)/((-27)/7962252) - -6*11/(-297) prime?
False
Let u(s) = 19*s - 115. Let o be u(7). Is (6406/4)/(-1 - o/(-12)) composite?
False
Suppose 18*o - 614 = 17*o. Let d = 1259 - o. Suppose d = -4*z + 3257. Is z a composite number?
False
Let j = 1157 + -780. Suppose 471 = 4*y - j. Suppose 5*k - 1467 + y = 0. Is k prime?
True
Let u